 what is 1001011111001 + -110?
1001011110011
In base 10, what is 12768 + -29?
12739
In base 10, what is -78 + -2539?
-2617
In base 6, what is -151 + 1023331?
1023140
In base 5, what is 14303 + 0?
14303
In base 13, what is -39711 + 5?
-39709
In base 13, what is -119 + -12?
-12b
In base 5, what is -11 - 242?
-303
In base 14, what is -12 - 12949?
-1295b
In base 10, what is -91640 + -5?
-91645
In base 4, what is -12220011 + 1?
-12220010
In base 3, what is -2 - -2020122122?
2020122120
In base 5, what is -201 - 20001?
-20202
In base 3, what is -1110 + -12221120?
-20000000
In base 5, what is -2 + -40201104?
-40201111
In base 3, what is 210102121222 + -11?
210102121211
In base 9, what is 1 + 800?
801
In base 13, what is -258ca - -1?
-258c9
In base 14, what is 0 - d3b46?
-d3b46
In base 7, what is 3163 - 1202?
1661
In base 9, what is -1117168 + 4?
-1117164
In base 3, what is -12 + -22222111?
-22222200
In base 6, what is 0 + -103101?
-103101
In base 13, what is 0 + 4495?
4495
In base 7, what is -32231 + -6?
-32240
In base 11, what is -5 + 493355?
493350
In base 7, what is 12 - -45230?
45242
In base 4, what is -201002033 - -11?
-201002022
In base 15, what is 2664ae - -2?
2664b1
In base 14, what is -1a6 + -2c?
-1d4
In base 11, what is 0 + -115043?
-115043
In base 16, what is -133e + -5?
-1343
In base 5, what is -4220 + -101040?
-110310
In base 6, what is 2 + -101311?
-101305
In base 16, what is 21 + da?
fb
In base 11, what is 439 + -aa6?
-668
In base 14, what is 432 + -a22?
-5d0
In base 4, what is -12223 + 1013?
-11210
In base 6, what is -5325555 - 0?
-5325555
In base 3, what is -1011010201022 + 12?
-1011010201010
In base 12, what is -4bb + 128?
-393
In base 13, what is -36aa - 12?
-36bc
In base 3, what is -2 - 112021122201?
-112021122210
In base 5, what is -14000 + -4?
-14004
In base 5, what is 2210 + 1240?
4000
In base 13, what is 68 + 21281?
21319
In base 15, what is 1 - 403e?
-403d
In base 12, what is 546b6 - 0?
546b6
In base 7, what is -12414535 + -1?
-12414536
In base 9, what is -1865232 + -1?
-1865233
In base 15, what is 1714 - 8?
170b
In base 14, what is 1515 - d?
1506
In base 11, what is 1 + -730318?
-730317
In base 2, what is -111 + 100000110011?
100000101100
In base 16, what is 135794 - 3?
135791
In base 11, what is 5 - 51a1?
-5197
In base 3, what is -1 + -221120101201?
-221120101202
In base 14, what is 4 + 6d95?
6d99
In base 13, what is -2001 + -3?
-2004
In base 13, what is -13 - 320?
-333
In base 9, what is 27 + -7556?
-7528
In base 8, what is 16 + 5033?
5051
In base 3, what is -12 + -1222220202?
-1222220221
In base 9, what is 10137 + -782?
8245
In base 4, what is 0 + 2230333013?
2230333013
In base 5, what is -11441 - 4?
-12000
In base 15, what is -54 - 3623?
-3677
In base 7, what is 3261 + 235?
3526
In base 5, what is -13443 - 100?
-14043
In base 13, what is 0 + -6a69?
-6a69
In base 10, what is -47 - 16080?
-16127
In base 16, what is 0 + -1499d?
-1499d
In base 6, what is -12 + 111544?
111532
In base 8, what is 365 + -3572?
-3205
In base 6, what is 1022332 - -20?
1022352
In base 15, what is 777 - -182?
909
In base 15, what is 102 + -2d?
c4
In base 9, what is 17 - 4448?
-4431
In base 3, what is 10 - -10100021221?
10100022001
In base 2, what is -10100001001110 + -11?
-10100001010001
In base 2, what is -1110 - -111001001010010101?
111001001010000111
In base 7, what is -1 + 12260?
12256
In base 5, what is -13 + 10234441?
10234423
In base 7, what is -444 + 205?
-236
In base 8, what is -557 + 14634?
14055
In base 4, what is 122123 + -12213?
103310
In base 11, what is -46683 + 4?
-4667a
In base 10, what is -3 - 1739821?
-1739824
In base 10, what is 2 + -1206095?
-1206093
In base 5, what is -341342213 - 3?
-341342221
In base 6, what is -14341420 + -1?
-14341421
In base 14, what is 5b2 - -2a?
5dc
In base 9, what is 13 - -41680?
41703
In base 4, what is 223210200 + 20?
223210220
In base 12, what is -10 + 5086?
5076
In base 16, what is 48ea - -4?
48ee
In base 13, what is 1ba + 1c?
209
In base 4, what is 120121200 - 3?
120121131
In base 8, what is -137 + -124646?
-125005
In base 14, what is 3 + 6364?
6367
In base 6, what is -2013 - -113?
-1500
In base 7, what is 15313335 + 2?
15313340
In base 11, what is 17655 + 11?
17666
In base 9, what is 3 - 47044?
-47041
In base 9, what is -8 + 70202?
70183
In base 16, what is bf + 14?
d3
In base 13, what is c74 + -35?
c3c
In base 3, what is -2 + 2120212111221?
2120212111212
In base 6, what is -1533 + 112?
-1421
In base 14, what is 0 - -b192b?
b192b
In base 11, what is -3 + 755249?
755246
In base 14, what is 666c - 0?
666c
In base 9, what is 171 - -74?
255
In base 5, what is 311104220 + 3?
311104223
In base 4, what is -2 + -313323?
-313331
In base 15, what is 7e89 - 12?
7e77
In base 15, what is -2 - 2934?
-2936
In base 8, what is -155713 + -11?
-155724
In base 16, what is 31e + -d6f?
-a51
In base 15, what is -8db8 - d?
-8dc6
In base 13, what is -92 + 46?
-49
In base 10, what is -308 + 128?
-180
In base 2, what is -1011100010110011100 - 10?
-1011100010110011110
In base 9, what is 86 - 8423?
-8326
In base 9, what is 2 + -552433?
-552431
In base 4, what is 21 - -311030?
311111
In base 3, what is -102010 - 22202?
-201212
In base 4, what is 32303303 + -3?
32303300
In base 16, what is -1a77 - 3?
-1a7a
In base 3, what is -212111012 - -12?
-212111000
In base 15, what is -24456b + 1?
-24456a
In base 6, what is 333 + 31022?
31355
In base 14, what is -3b69d - 5?
-3b6a4
In base 12, what is 0 + -4796?
-4796
In base 5, what is -30 + 41144?
41114
In base 16, what is 1b4 - 10b9?
-f05
In base 2, what is 0 - 10001110100000?
-10001110100000
In base 8, what is -15 + 71605?
71570
In base 2, what is 10010001111000111010 + 101?
10010001111000111111
In base 12, what is 1b - 5672b?
-56710
In base 6, what is -254 + 12?
-242
In base 10, what is -9 + -1554?
-1563
In base 7, what is 3 - -406466?
406502
In base 6, what is 2 - 1101554?
-1101552
In base 3, what is 1202001 + -1001?
1201000
In base 15, what is 0 - 36683?
-36683
In base 4, what is 12 + 200310122?
200310200
In base 12, what is -5a5 - -648?
63
In base 13, what is 7890 + 4?
7894
In base 13, what is 3 + 5076?
5079
In base 16, what is 5 + -2f28d?
-2f288
In base 6, what is -140 - -15?
-121
In base 16, what is 2 + 3a781?
3a783
In base 10, what is 11487 + -131?
11356
In base 12, what is -6 + 2721?
2717
In base 4, what is 202 - 23?
113
In base 14, what is -4 - 11ba73?
-11ba77
In base 13, what is -384 - -16a?
-217
In base 11, what is -8 - -1893?
1886
In base 16, what is 1c + 63fc?
6418
In base 6, what is 2031340 - 1?
2031335
In base 11, what is -12574 - 2?
-12576
In base 13, what is -c3098 + 4?
-c3094
In base 16, what is -80c - -110?
-6fc
In base 13, what is -7 + 74333?
74329
In base 15, what is 0 - 3de86?
-3de86
In base 14, what is 1c + -a903?
-a8c5
In base 4, what is 1123102110 + 11?
1123102121
In base 8, what is -3 - -71503?
71500
In base 2, what is -10101101111001110 + -1011?
-10101101111011001
In base 13, what is -1522 - -b2?
-1440
In base 5, what is 1 + 23243?
23244
In base 8, what is -3 + -5042520?
-5042523
In base 8, what is -26731 - -5?
-26724
In base 5, what is -43430341 + -3?
-43430344
In base 10, what is 150 + -318?
-168
In base 2, what is 10000100 - -11001011110?
11011100010
In base 14, what is d0cc3 + 1?
d0cc4
In base 5, what is 2440400311 + 3?
2440400314
In base 9, what is -144280 + 10?
-144270
In base 11, what is 9091 + -82?
900a
In base 4, what is 2221 + 1030133?
1033020
In base 3, what is -11022001212 + -12?
-11022002001
In base 13, what is -452 - -160?
-2c2
In base 15, what is -1a - -1cb4?
1c99
In base 10, what is -5 - 45364?
-45369
In base 2, what is -101 + -11111001011100?
-11111001100001
In base 4, what is 30000 + -10033?
13301
In base 12, what is 57b5 - -50?
5845
In base 7, what is 300 + -121064?
-120464
In base 15, what is -11 - 1c29?
-1c3a
In base 12, what is -65 + 3144?
309b
In base 6, what is 1455124 + 10?
1455134
In base 9, what is -535425 - -4?
-535421
In base 16, what is a15 - 4?
a11
In base 6, what is 3 - 33253003?
-33253000
In base 10, what is -15689 + 65?
-15624
In base 16, what is -b + -6a23a?
-6a245
In base 6, what is -10 + -24531?
-24541
In base 2, what is -11111011001110101 - -11?
-11111011001110010
In base 5, what is -144 - -132?
-12
In base 9, what is 